{"id":275,"date":"2018-05-08T09:26:48","date_gmt":"2018-05-08T07:26:48","guid":{"rendered":"http:\/\/papilio.com.pl\/?page_id=275"},"modified":"2025-03-19T21:09:05","modified_gmt":"2025-03-19T20:09:05","slug":"jaroslaw-klin","status":"publish","type":"page","link":"https:\/\/papilio.com.pl\/index.php\/jaroslaw-klin\/","title":{"rendered":"Jaros\u0142aw Klin"},"content":{"rendered":"<div id=\"pl-275\"  class=\"panel-layout\" ><div id=\"pg-275-0\"  class=\"panel-grid panel-no-style\" ><div id=\"pgc-275-0-0\"  class=\"panel-grid-cell\" ><div id=\"panel-275-0-0-0\" class=\"so-panel widget widget_sow-image panel-first-child panel-last-child\" data-index=\"0\" ><div\n\t\t\t\n\t\t\tclass=\"so-widget-sow-image so-widget-sow-image-default-8b5b6f678277-275\"\n\t\t\t\n\t\t>\n<div class=\"sow-image-container\">\n\t\t<img \n\tsrc=\"https:\/\/papilio.com.pl\/wp-content\/uploads\/2018\/07\/2018-06-09_8327-2.jpg\" width=\"2003\" height=\"3000\" srcset=\"https:\/\/papilio.com.pl\/wp-content\/uploads\/2018\/07\/2018-06-09_8327-2.jpg 2003w, https:\/\/papilio.com.pl\/wp-content\/uploads\/2018\/07\/2018-06-09_8327-2-200x300.jpg 200w, https:\/\/papilio.com.pl\/wp-content\/uploads\/2018\/07\/2018-06-09_8327-2-768x1150.jpg 768w, https:\/\/papilio.com.pl\/wp-content\/uploads\/2018\/07\/2018-06-09_8327-2-684x1024.jpg 684w\" sizes=\"(max-width: 2003px) 100vw, 2003px\" title=\"2018-06-09_8327\" alt=\"\" \t\tclass=\"so-widget-image\"\/>\n\t<\/div>\n\n<\/div><\/div><\/div><div id=\"pgc-275-0-1\"  class=\"panel-grid-cell\" ><div id=\"panel-275-0-1-0\" class=\"so-panel widget widget_sow-editor panel-first-child panel-last-child\" data-index=\"1\" ><div\n\t\t\t\n\t\t\tclass=\"so-widget-sow-editor so-widget-sow-editor-base\"\n\t\t\t\n\t\t>\n<div class=\"siteorigin-widget-tinymce textwidget\">\n\t<p><span>Jestem certyfikowanym psychoterapeut\u0105 Polskiego Towarzystwa Psychiatrycznego (nr 678), Superwizorem Aplikantem Polskiego Towarzystwa Psychiatrycznego, Certyfikowanym Specjalist\u0105 Psychoterapii Uzale\u017cnie\u0144 (nr 967), psychologiem. Uko\u0144czy\u0142em czteroletnie Podyplomowe Studia z Psychoterapii w Katedrze Psychoterapii na Uniwersytecie Jagiello\u0144skim w Krakowie,<\/span><span> <\/span><span class=\"about-me-detail\">czteroletnie Studia Specjalizacyjne z Psychologii Klinicznej na Uniwersytecie Medycznym w Lublinie, szkolenie z Seksuologii umo\u017cliwiaj\u0105ce zdobycie uprawnie\u0144 Seksuologa Klinicznego oraz szkolenie uprawniaj\u0105ce do leczenia hipnoz\u0105.<br \/>\nDo\u015bwiadczenie zawodowe zdobywa\u0142em pracuj\u0105c, m. in. w Szpitalu Neuropsychiatrycznym w Lublinie na: Oddziale Dziennym i Ca\u0142odobowym Leczenia Zaburze\u0144 Nerwicowych i Osobowo\u015bci, Poradni O\u015brodka Psychoterapii, Ca\u0142odobowym Oddziale Terapii Uzale\u017cnienia od Alkoholu.<br \/>\nPracuj\u0119 w nurcie integracyjnym, tak aby jak najlepiej i najskuteczniej Pa\u0144stwu pom\u00f3c w zmianie. Stosuj\u0119 m.in. metody:<br \/>\n- psychodramy\/monodramy<br \/>\n- techniki projekcyjne<br \/>\n- techniki wyobra\u017ceniowe.<br \/>\nPodlegam sta\u0142ej superwizji u superwizora Polskiego Towarzystwa Psychiatrycznego.<br \/>\nProwadz\u0119 psychoterapi\u0119 indywidualn\u0105, grupow\u0105, par i rodzin, leczenie hipnoz\u0105, konsultacje i poradnictwo psychologiczne.<\/span><\/p>\n<p>tel. 507 534 254<\/p>\n<\/div>\n<\/div><\/div><\/div><\/div><\/div>","protected":false},"excerpt":{"rendered":"<p>Jestem certyfikowanym psychoterapeut\u0105 Polskiego Towarzystwa Psychiatrycznego (nr 678), Superwizorem Aplikantem Polskiego Towarzystwa Psychiatrycznego, Certyfikowanym Specjalist\u0105 Psychoterapii Uzale\u017cnie\u0144 (nr 967), psychologiem. Uko\u0144czy\u0142em czteroletnie Podyplomowe Studia z Psychoterapii w Katedrze Psychoterapii na Uniwersytecie Jagiello\u0144skim w Krakowie, czteroletnie Studia Specjalizacyjne z Psychologii Klinicznej na Uniwersytecie Medycznym w Lublinie, szkolenie z Seksuologii umo\u017cliwiaj\u0105ce zdobycie [&hellip;]<\/p>\n","protected":false},"author":1,"featured_media":0,"parent":0,"menu_order":0,"comment_status":"closed","ping_status":"closed","template":"","meta":{"footnotes":""},"class_list":["post-275","page","type-page","status-publish","hentry"],"_links":{"self":[{"href":"https:\/\/papilio.com.pl\/index.php\/wp-json\/wp\/v2\/pages\/275","targetHints":{"allow":["GET"]}}],"collection":[{"href":"https:\/\/papilio.com.pl\/index.php\/wp-json\/wp\/v2\/pages"}],"about":[{"href":"https:\/\/papilio.com.pl\/index.php\/wp-json\/wp\/v2\/types\/page"}],"author":[{"embeddable":true,"href":"https:\/\/papilio.com.pl\/index.php\/wp-json\/wp\/v2\/users\/1"}],"replies":[{"embeddable":true,"href":"https:\/\/papilio.com.pl\/index.php\/wp-json\/wp\/v2\/comments?post=275"}],"version-history":[{"count":15,"href":"https:\/\/papilio.com.pl\/index.php\/wp-json\/wp\/v2\/pages\/275\/revisions"}],"predecessor-version":[{"id":555,"href":"https:\/\/papilio.com.pl\/index.php\/wp-json\/wp\/v2\/pages\/275\/revisions\/555"}],"wp:attachment":[{"href":"https:\/\/papilio.com.pl\/index.php\/wp-json\/wp\/v2\/media?parent=275"}],"curies":[{"name":"wp","href":"https:\/\/api.w.org\/{rel}","templated":true}]}}